67
Suppose 4*k = 5*b + 999, 4*b + 47 = -2*k + 527. List the prime factors of k.
2, 3, 41
What are the prime factors of -9 - 76*(-87)/6?
1093
Suppose -211 = -4*g - 5*t + 912, -4*t = -5*g + 1373. Let w = -119 + g. What are the prime factors of w?
2, 79
Let c(s) = -48*s - 45. List the prime factors of c(-13).
3, 193
Suppose 17*a - 5192 = 3155. What are the prime factors of a?
491
Let l(f) = 4*f**2 + 11*f + 57. List the prime factors of l(-10).
347
Suppose -5*f + f + 3871 = 5*j, -5*j - f + 3859 = 0. What are the prime factors of j?
3, 257
Let g(o) = -o**3 + 6*o**2 - 6*o + 7. Let k be g(5). Let t(f) = 13*f**2 + 5*f**k + f**3 - 10*f - 12*f + 1. List the prime factors of t(-19).
2, 29
Suppose -x + 2*x = i, 2*i - 5*x = 0. Suppose t + 0*t - 9 = i. Suppose 0 = -g + 10 + t. List the prime factors of g.
19
Let n = 5133 - 1605. What are the prime factors of n?
2, 3, 7
Suppose -18*j + 12153 = -8709. List the prime factors of j.
19, 61
Suppose -z + 15 = -6*z, 2761 = 5*s - 2*z. List the prime factors of s.
19, 29
Suppose 4*i - 2094 = -5*m, 3*i + 1968 = 4*m + 268. Let f = m + -239. What are the prime factors of f?
3, 61
Let v be (-2)/(-21)*6*28. Let n(t) = t - 3*t + 3*t. List the prime factors of n(v).
2
Suppose 2*h + 15 = -3*x, -4*x = -2*h - 0 + 6. Let b(j) = -j**2 + 1. Let u(y) = y**2 - y - 4. Let s(w) = -5*b(w) - 2*u(w). List the prime factors of s(x).
2, 3
Suppose -132 = -h + 165. What are the prime factors of h?
3, 11
Let h(x) = 10*x**2 - 2*x - 2. List the prime factors of h(4).
2, 3, 5
Let t(s) = 11*s - 4. Suppose 0 = 5*c - 7 - 13. List the prime factors of t(c).
2, 5
Suppose -11*w + 1602 = -1995. List the prime factors of w.
3, 109
Suppose 40*k = 33*k + 4634. List the prime factors of k.
2, 331
Let o = 196 + 588. List the prime factors of o.
2, 7
Let m(t) = 5*t + 11 - 6 - 4*t + 82. What are the prime factors of m(-25)?
2, 31
Suppose 0 = -8*x + 11 + 53. Suppose -a - 84 = -x*a. What are the prime factors of a?
2, 3
Let d = -1845 - -3925. What are the prime factors of d?
2, 5, 13
Let l = -124 - -131. Suppose -12*g = -l*g - 1025. What are the prime factors of g?
5, 41
Suppose -2204 = -19*a + 7201. What are the prime factors of a?
3, 5, 11
Let f(g) = g + 4. Let k be f(4). Suppose -k*x = -7*x - 5. What are the prime factors of (-6)/(-10) + 167/x?
2, 17
Let o be ((-6)/(-5))/(5/275). Suppose 0 = 2*k - 3*s - 2*s + 33, 2*k - 3*s + 35 = 0. Let v = o + k. List the prime factors of v.
47
Let c be 30*1*(-3)/(-6). Let p be (-4 + 36/c)*-15. Suppose 5*h + 5*n - n = 120, p = h + n. List the prime factors of h.
2, 3
Let z = -871 - -1359. List the prime factors of z.
2, 61
Let u(d) = -d**2 + 22*d + 4. Let s(y) = 10*y - 2. Let a be s(2). Let x be u(a). List the prime factors of x/3 - 6/18.
5
Let d(x) = 4345*x**3 + 2*x**2 + 6*x - 8. List the prime factors of d(1).
5, 11, 79
Let k = 5 + -1. Suppose 0 = 5*f - 10, x - 5*f = -k*x + 25. Suppose 0 = 10*g - x*g - 24. List the prime factors of g.
2
Let u be (-8 - 66/(-9)) + (-1552)/(-6). Suppose -u = 162*n - 163*n. What are the prime factors of n?
2, 3, 43
Let j(a) = -a**3 - 8*a**2 - a - 5. Let t be j(-8). Suppose t*z = 131 - 14. List the prime factors of z.
3, 13
Let w be 1/(-2)*-2 + 2. Suppose -w = 3*i + 3. List the prime factors of 14 - -1*i/2.
13
Suppose 5*y = -33 + 103. Let w = y + -12. List the prime factors of 18 - (w + -2 + 2).
2
Suppose -10*q + 15*q = 625. Let u = q + 2. List the prime factors of u.
127
Let t(r) be the third derivative of r**5/60 - r**4/24 - r**3 + 15*r**2. List the prime factors of t(7).
2, 3
Suppose 0 = 4*a - 3470 + 794. Suppose 3*d - 899 = -4*l, -2*d - d = -3*l + a. List the prime factors of l.
2, 7
Let a = 2884 - 1688. List the prime factors of a.
2, 13, 23
Let u be (3/3)/(5/2390). Suppose -6*r = -u - 140. What are the prime factors of r?
103
Suppose 17*f - 21*f + 320 = 0. Suppose -f = -4*v + 2*s, 6*v + 2*s = v + 91. What are the prime factors of v?
19
List the prime factors of (22/(-4))/((-2)/20).
5, 11
Suppose 0 = 4*c - 37 - 3. Let p = -484 + 483. What are the prime factors of ((-28)/8)/(p/c)?
5, 7
Let m = -17 - -22. Let l be (-11)/(-55) + 314/m. Let d = 121 - l. List the prime factors of d.
2, 29
Let a(z) = -z + 7. Let u be a(7). Suppose -6*d + 16 + 206 = u. What are the prime factors of d?
37
Suppose 2*p + 31 + 145 = 0. What are the prime factors of (5 + -2)/(p/(-17) - 5)?
17
Let t be (4 + 0)*(-5)/(-4). Suppose -t*g = -568 + 83. List the prime factors of g.
97
Suppose 4*k = -3*j + 899, -2*j - 914 = -7*k + 3*k. List the prime factors of k.
227
Let b(d) = -49*d + 1. Let s(z) = z**2 + 3*z - 5. Let x be s(-4). Let t be b(x). Suppose 2*p - 216 = -5*l, -3*p + 0 = -l + t. What are the prime factors of l?
2, 11
List the prime factors of -3 + (7 - 2) + 721.
3, 241
Suppose -2*w + w - 5 = -2*g, -5*g - 3*w + 18 = 0. Let p(h) = 3*h + 3. Let m be p(g). Let x = m + 5. What are the prime factors of x?
17
Let p(f) = -7*f - 14. Let t be p(10). What are the prime factors of (-32)/3*567/t?
2, 3
Suppose 2 = x - 1. Suppose 0*q + 3*q + 3 = -x*n, 4*q = -4. Suppose 3*m = 3*i + 2*m - 99, n = 4*m. What are the prime factors of i?
3, 11
Let x(h) = -14*h**3 + 5*h**2 + h + 5. Let a be x(-4). Suppose 9*z - a = 661. List the prime factors of z.
2, 7, 13
Let v = 56 - 49. What are the prime factors of v?
7
Let i be -3 - (-6 + (0 - 1) - -1). What are the prime factors of (-3)/(-3 - -12) - (-148)/i?
7
Let d = 21 - 21. Suppose d = 6*q - 361 - 23. List the prime factors of q.
2
Let p(u) = -3*u - 7. Let b be p(-3). Let j(x) = -x**2 + 4*x. Let n be j(b). Suppose 0 = n*w - 16, 5*t + 4*w = w + 27. What are the prime factors of t?
3
Let u be (66/110)/(2/10). Suppose u*q = 30 - 12. What are the prime factors of q?
2, 3
List the prime factors of 86*27 + (-8 - -18 - 9).
23, 101
Suppose -5*n = -2*v + 118, -190 - 12 = -3*v - 5*n. List the prime factors of v.
2
Suppose 0 = i, -3*z + 158 = -z + 3*i. Suppose z = 6*x - 125. List the prime factors of x.
2, 17
Suppose h = -m - 2 - 0, 2*m = 5*h - 25. Suppose h*q - 53 = 34. What are the prime factors of q?
29
Let b = 22 + -34. Let l(q) = q - 8. Let x be l(b). What are the prime factors of x/25*150/(-4)?
2, 3, 5
Suppose -2*u + 19 = 4*b + 7, 2*u - 2 = b. Let p(q) = 46*q**2 + 2*q + 3. List the prime factors of p(b).
191
Let o = -2 + 13. Suppose 0 = 12*g - o*g + 15. List the prime factors of 1/(-3) - 335/g.
2, 11
Suppose -320*l + 333*l - 12688 = 0. What are the prime factors of l?
2, 61
Let w(f) = -f**3 - 9*f**2 - 8*f + 4. Let t be w(-8). Suppose -s = t*s. Let o(j) = -j + 23. What are the prime factors of o(s)?
23
Let q(u) = 70*u**2 - 9*u + 17. What are the prime factors of q(4)?
3, 367
Suppose 146 = 9*j - 268. What are the prime factors of j?
2, 23
What are the prime factors of 18632/15 - 14/105?
2, 3, 23
Suppose -4*j + m + 86 = 4*m, 3*j - 52 = 4*m. Suppose j*z = 18*z + 246. What are the prime factors of z?
3, 41
Let m(g) = g**3 + 32*g**2 + 104*g - 53. List the prime factors of m(-23).
2, 3, 193
Let x(l) = -l**3 + 10*l**2 + 7*l - 14. What are the prime factors of x(10)?
2, 7
Suppose 2*u + 4 = 3*u. Suppose 169 - 41 = u*o. Suppose w = -w + o. List the prime factors of w.
2
Let g be -1*(-2 - 0) - -3. Suppose h + 2*h = g*f + 39, -24 = 5*f + 2*h. List the prime factors of (8/(-12))/(f/117).
13
Let l = 17 + -15. Suppose -4*n + 6*c - 3*c = -5, 1 = -l*n + 5*c. Suppose -5 = -f - h, -n*f - h - 15 = -3*f. What are the prime factors of f?
2, 5
Let m = -40 - 0. Suppose 140 = 5*y - 180. Let f = y + m. List the prime factors of f.
2, 3
Let a be 126/(-36)*16/(-14). Let w(x) = 5*x**2 - 3*x + 9. List the prime factors of w(a).
7, 11
Let q = 3 + 285. Suppose -5*o = -2*o - q. What are the prime factors of o?
2, 3
Let c(y) = -y**2 - 31*y - 9. Suppose 0*g + 3*g + 27 = -4*o, 2*g + 17 = -3*o. What are the prime factors of c(g)?
3, 5
Let k(v) = v**3 + v**2 - v - 1. Let w(x) = -5*x**3 - 12*x**2 + 1. Let g(y) = -6*k(y) - w(y). Let s be g(-4). Suppose 2*o = -o + s. List the prime factors of o.
47
Suppose 0 = -a + 2, -41 + 7 = -4*i - 5*a. Suppose -10*l = -i*l - 468. List the prime factors of l.
3, 13
Suppose -7*o = -1349 - 1626. What are the prime factors of o?
5, 17
Let a(c) be the second derivative of c**5/20 + c**4/3 - 13*c**3/6 - 3*c**2/2 - 19*c. Let t be (-4)/(-10) + (-32)/5. List the prime factors of a(t).
3
Let l(h) = -5*h*